{"id":11,"date":"2015-06-29T14:09:35","date_gmt":"2015-06-29T12:09:35","guid":{"rendered":"http:\/\/www.psychoanalyse-praxis.de\/wordpress\/?page_id=11"},"modified":"2017-06-18T15:39:50","modified_gmt":"2017-06-18T14:39:50","slug":"ueber-uns","status":"publish","type":"page","link":"https:\/\/www.psychoanalyse-praxis.de\/?page_id=11","title":{"rendered":"\u00dcber mich"},"content":{"rendered":"<p><strong>Praxis f\u00fcr analytische Psychotherapie in Frechen &#8211; K\u00f6nigsdorf\u00a0 (Rhein-Erft-Kreis)<\/strong><\/p>\n<div id='gallery-1' class='gallery galleryid-11 gallery-columns-1 gallery-size-thumbnail'><figure class='gallery-item'>\n\t\t\t<div class='gallery-icon portrait'>\n\t\t\t\t<img loading=\"lazy\" decoding=\"async\" width=\"150\" height=\"150\" src=\"https:\/\/www.psychoanalyse-praxis.de\/wp-content\/uploads\/2015\/06\/Lebenslauf-150x150.jpg\" class=\"attachment-thumbnail size-thumbnail\" alt=\"\" aria-describedby=\"gallery-1-181\" \/>\n\t\t\t<\/div>\n\t\t\t\t<figcaption class='wp-caption-text gallery-caption' id='gallery-1-181'>\n\t\t\t\tDipl. Psych. Dr. phil. Ruth Nathan 2015\n\t\t\t\t<\/figcaption><\/figure>\n\t\t<\/div>\n\n<p>&nbsp;<\/p>\n<p>&nbsp;<\/p>\n","protected":false},"excerpt":{"rendered":"<p>Praxis f\u00fcr analytische Psychotherapie in Frechen &#8211; K\u00f6nigsdorf\u00a0 (Rhein-Erft-Kreis) &nbsp; &nbsp;<\/p>\n","protected":false},"author":3,"featured_media":0,"parent":0,"menu_order":0,"comment_status":"closed","ping_status":"closed","template":"","meta":{"footnotes":""},"class_list":["post-11","page","type-page","status-publish"],"_links":{"self":[{"href":"https:\/\/www.psychoanalyse-praxis.de\/index.php?rest_route=\/wp\/v2\/pages\/11","targetHints":{"allow":["GET"]}}],"collection":[{"href":"https:\/\/www.psychoanalyse-praxis.de\/index.php?rest_route=\/wp\/v2\/pages"}],"about":[{"href":"https:\/\/www.psychoanalyse-praxis.de\/index.php?rest_route=\/wp\/v2\/types\/page"}],"author":[{"embeddable":true,"href":"https:\/\/www.psychoanalyse-praxis.de\/index.php?rest_route=\/wp\/v2\/users\/3"}],"replies":[{"embeddable":true,"href":"https:\/\/www.psychoanalyse-praxis.de\/index.php?rest_route=%2Fwp%2Fv2%2Fcomments&post=11"}],"version-history":[{"count":13,"href":"https:\/\/www.psychoanalyse-praxis.de\/index.php?rest_route=\/wp\/v2\/pages\/11\/revisions"}],"predecessor-version":[{"id":274,"href":"https:\/\/www.psychoanalyse-praxis.de\/index.php?rest_route=\/wp\/v2\/pages\/11\/revisions\/274"}],"wp:attachment":[{"href":"https:\/\/www.psychoanalyse-praxis.de\/index.php?rest_route=%2Fwp%2Fv2%2Fmedia&parent=11"}],"curies":[{"name":"wp","href":"https:\/\/api.w.org\/{rel}","templated":true}]}}

Über mich

<p><strong>Praxis für analytische Psychotherapie in Frechen &#8211; Königsdorf  (Rhein-Erft-Kreis)</strong></p>
<div id='gallery-1' class='gallery galleryid-11 gallery-columns-1 gallery-size-thumbnail'><figure class='gallery-item'>
			<div class='gallery-icon portrait'>
				<img loading="lazy" decoding="async" width="150" height="150" src="https://www.psychoanalyse-praxis.de/wp-content/uploads/2015/06/Lebenslauf-150x150.jpg" class="attachment-thumbnail size-thumbnail" alt="" aria-describedby="gallery-1-181" />
			</div>
				<figcaption class='wp-caption-text gallery-caption' id='gallery-1-181'>
				Dipl. Psych. Dr. phil. Ruth Nathan 2015
				</figcaption></figure>
		</div>

<p>&nbsp;</p>
<p>&nbsp;</p>

<p>Praxis für analytische Psychotherapie in Frechen &#8211; Königsdorf  (Rhein-Erft-Kreis) &nbsp; &nbsp;</p>
