{"id":295,"date":"2018-05-15T15:08:07","date_gmt":"2018-05-15T14:08:07","guid":{"rendered":"http:\/\/www.psychoanalyse-praxis.de\/?page_id=295"},"modified":"2018-05-15T15:26:36","modified_gmt":"2018-05-15T14:26:36","slug":"patienteninformationen-zum-datenschutz","status":"publish","type":"page","link":"https:\/\/www.psychoanalyse-praxis.de\/?page_id=295","title":{"rendered":"Patienteninformationen zum Datenschutz"},"content":{"rendered":"<p><strong><u>Patienteninformationen zum Datenschutz<\/u><\/strong><\/p>\n<p>Praxis f\u00fcr Psychoanalyse und Psychotherapie Dr. Ruth Nathan<\/p>\n<p>Sehr geehrte Patientin, sehr geehrter Patient,<\/p>\n<p>der Schutz Ihrer personenbezogenen Daten ist uns wichtig. Nach der EU-Datenschutz-Grundverordnung (DSGVO) sind wir verpflichtet, Sie dar\u00fcber zu informieren, zu welchem Zweck unsere Praxis Daten erhebt, speichert oder weiterleitet. Der Information k\u00f6nnen Sie auch entnehmen, welche Rechte Sie in puncto Datenschutz haben.<\/p>\n<ol>\n<li>VERANTWORTLICHEKIT F\u00dcR DIE DATENVERARBEITUNG<\/li>\n<\/ol>\n<p>Verantwortlich f\u00fcr die Datenverarbeitung ist: Frau Dr. Ruth Nathan<\/p>\n<p>Praxisname: Praxis f\u00fcr Psychoanalyse und Psychotherapie Dr. Ruth Nathan<\/p>\n<p>Adresse: Aachener Str 585, 50226 Frechen<\/p>\n<p>Kontaktdaten:<\/p>\n<ul>\n<li>Nr.: 02234 9679030<\/li>\n<li>E-Mail: <a href=\"mailto:dr.nathan@psychoanalyse-praxis.de\">nathan@psychoanalyse-praxis.de<\/a><\/li>\n<\/ul>\n<p>&nbsp;<\/p>\n<ol start=\"2\">\n<li>ZWECK DER DATENVERARBEITUNG<\/li>\n<\/ol>\n<p>Die Datenverarbeitung erfolgt aufgrund gesetzlicher Vorgaben, um den Behandlungsvertrag zwischen Ihnen und Ihrem Arzt (Therapeuten) und die damit verbundenen Pflichten zu erf\u00fcllen.<\/p>\n<p>Hierzu verarbeiten wir Ihre personenbezogenen Daten, insbesondere Ihre Gesundheitsdaten. Dazu z\u00e4hlen Anamnesen, Diagnosen, Therapievorschl\u00e4ge und Befunde, die wir oder andere \u00c4rzte erheben. Zu diesen Zwecken k\u00f6nnen uns auch andere \u00c4rzte oder Psychotherapeuten, bei denen Sie in Behandlung sind, Daten zur Verf\u00fcgung stellen (z.B. in Arztbriefen).<\/p>\n<p>Die Erhebung von Gesundheitsdaten ist Voraussetzung f\u00fcr Ihre Behandlung. Werden die notwendigen Informationen nicht bereitgestellt, kann eine sorgf\u00e4ltige Behandlung nicht erfolgen.<\/p>\n<p>&nbsp;<\/p>\n<ol start=\"3\">\n<li>EMPF\u00c4NGER IHRER DATEN<\/li>\n<\/ol>\n<p>Wir \u00fcbermitteln Ihre personenbezogenen Daten nur dann an Dritte, wenn dies gesetzlich erlaubt ist oder Sie eingewilligt haben.<\/p>\n<p>Empf\u00e4nger Ihrer personenbezogenen Daten k\u00f6nnen vor allem andere \u00c4rzte\/ Psychotherapeuten, Kassen\u00e4rztliche Vereinigungen, Krankenkassen, der Medizinischen Dienst der Krankenversicherung, \u00c4rztekammern und privat\u00e4rztliche Versicherungsstellen sein.<\/p>\n<p>Die \u00dcbermittlung erfolgt \u00fcberwiegend zum Zwecke der Abrechnung der mit Ihnen erbrachten Leistungen, zur Kl\u00e4rung von medizinischen und sich aus Ihrem Versicherungsverh\u00e4ltnis ergebenden Fragen. Im Einzelfall erfolgt die \u00dcbermittlung von Daten an weitere berechtigte Empf\u00e4nger.<\/p>\n<p>&nbsp;<\/p>\n<ol start=\"4\">\n<li>SPEICHERUNG IHRER DATEN<\/li>\n<\/ol>\n<p>Wir bewahren Ihre personenbezogenen Daten nur solange auf, wie dies f\u00fcr die Durchf\u00fchrung der Behandlung erforderlich ist.<\/p>\n<p>Aufgrund rechtlicher Vorgaben sind wir dazu verpflichtet, diese Daten mindestens 10 Jahre nach Abschluss der Behandlung aufzubewahren. Nach anderen Vorschriften k\u00f6nnen sich l\u00e4ngere Aufbewahrungsfristen ergeben, z.B. 30 Jahre bei R\u00f6ntgenaufzeichnungen laut \u00a728 Abs.3 der R\u00f6ntgenverordnung.<\/p>\n<p>&nbsp;<\/p>\n<ol start=\"5\">\n<li>IHRE RECHTE<\/li>\n<\/ol>\n<p>Sie haben Recht, \u00fcber die Sie betreffenden Personenbezogenen Daten Auskunft erhalten. Auch k\u00f6nnen Sie die Berichtigung unrichtiger Daten verlangen.<\/p>\n<p>Dar\u00fcber hinaus steht Ihnen unter bestimmten Voraussetzungen das Recht auf L\u00f6schung von Daten, das Recht auf Einschr\u00e4nkung der Datenverarbeitung sowie das Recht auf Daten\u00fcbertragbarkeit zu.<\/p>\n<p>Die Verarbeitung Ihrer Daten erfolgt auf Basis gesetzlichen Reglungen. Nur in Ausnahmef\u00e4llen ben\u00f6tigen wir Ihr Einverst\u00e4ndnis. In diesen F\u00e4llen haben Sie das Recht, die Einwilligung f\u00fcr zuk\u00fcnftige Verarbeitung zu widerrufen.<\/p>\n<p>Sie haben ferner das Recht, sich bei der zust\u00e4ndigen Aufsichtsbeh\u00f6rde f\u00fcr Datenschutz zu beschweren, wenn Sie der Ansicht sind, dass die Verarbeitung Ihrer personenbezogenen Daten nicht rechtm\u00e4\u00dfig erfolgt.<\/p>\n<p>Die Anschrift der f\u00fcr uns zust\u00e4ndigen Aufsichtsbeh\u00f6rde lautet:<\/p>\n<p>Landesbeauftragte f\u00fcr Datenschutz und Informationsfreiheit Nordrhein-Westfalen<br \/>\nKavalleriestr. 2-4<br \/>\n40213 D\u00fcsseldorf<br \/>\nTelefon: 0211\/38424-0<br \/>\nFax: 0211\/38424-10<br \/>\nE-Mail: <a href=\"mailto:%20poststelle@ldi.nrw.de\">poststelle@ldi.nrw.de<\/a><\/p>\n<p>&nbsp;<\/p>\n<ol start=\"6\">\n<li>RECHTLICHE GRUNDLAGEN<\/li>\n<\/ol>\n<p>Rechtgrundlage f\u00fcr die Verarbeitung Ihrer Daten ist Artikel 9 Absatz 2 lit. h) DSGVO in Verbindung mit \u00a7 22 Abs. 1 Nr. 1 lit. b) Bundesdatenschutzgesetz. Sollten Sie Fragen haben, k\u00f6nnen Sie sich gern an uns wenden.<\/p>\n<p>&nbsp;<\/p>\n<p>&nbsp;<\/p>\n<p>Ihr Praxisteam<\/p>\n<p>Dipl.-Psych. Dr. Ruth Nathan<\/p>\n","protected":false},"excerpt":{"rendered":"<p>Patienteninformationen zum Datenschutz Praxis f\u00fcr Psychoanalyse und Psychotherapie Dr. Ruth Nathan Sehr geehrte Patientin, sehr geehrter Patient, der Schutz Ihrer personenbezogenen Daten ist uns wichtig. Nach der EU-Datenschutz-Grundverordnung (DSGVO) sind wir verpflichtet, Sie dar\u00fcber zu informieren, zu welchem Zweck unsere Praxis Daten erhebt, speichert oder weiterleitet. Der Information k\u00f6nnen Sie auch entnehmen, welche Rechte Sie &#8230; <a title=\"Patienteninformationen zum Datenschutz\" class=\"read-more\" href=\"https:\/\/www.psychoanalyse-praxis.de\/?page_id=295\" aria-label=\"Mehr Informationen \u00fcber Patienteninformationen zum Datenschutz\">Weiterlesen<\/a><\/p>\n","protected":false},"author":4,"featured_media":0,"parent":0,"menu_order":0,"comment_status":"closed","ping_status":"closed","template":"","meta":{"footnotes":""},"class_list":["post-295","page","type-page","status-publish"],"_links":{"self":[{"href":"https:\/\/www.psychoanalyse-praxis.de\/index.php?rest_route=\/wp\/v2\/pages\/295","targetHints":{"allow":["GET"]}}],"collection":[{"href":"https:\/\/www.psychoanalyse-praxis.de\/index.php?rest_route=\/wp\/v2\/pages"}],"about":[{"href":"https:\/\/www.psychoanalyse-praxis.de\/index.php?rest_route=\/wp\/v2\/types\/page"}],"author":[{"embeddable":true,"href":"https:\/\/www.psychoanalyse-praxis.de\/index.php?rest_route=\/wp\/v2\/users\/4"}],"replies":[{"embeddable":true,"href":"https:\/\/www.psychoanalyse-praxis.de\/index.php?rest_route=%2Fwp%2Fv2%2Fcomments&post=295"}],"version-history":[{"count":1,"href":"https:\/\/www.psychoanalyse-praxis.de\/index.php?rest_route=\/wp\/v2\/pages\/295\/revisions"}],"predecessor-version":[{"id":296,"href":"https:\/\/www.psychoanalyse-praxis.de\/index.php?rest_route=\/wp\/v2\/pages\/295\/revisions\/296"}],"wp:attachment":[{"href":"https:\/\/www.psychoanalyse-praxis.de\/index.php?rest_route=%2Fwp%2Fv2%2Fmedia&parent=295"}],"curies":[{"name":"wp","href":"https:\/\/api.w.org\/{rel}","templated":true}]}}

<p><strong><u>Patienteninformationen zum Datenschutz</u></strong></p>
<p>Praxis für Psychoanalyse und Psychotherapie Dr. Ruth Nathan</p>
<p>Sehr geehrte Patientin, sehr geehrter Patient,</p>
<p>der Schutz Ihrer personenbezogenen Daten ist uns wichtig. Nach der EU-Datenschutz-Grundverordnung (DSGVO) sind wir verpflichtet, Sie darüber zu informieren, zu welchem Zweck unsere Praxis Daten erhebt, speichert oder weiterleitet. Der Information können Sie auch entnehmen, welche Rechte Sie in puncto Datenschutz haben.</p>
<ol>
<li>VERANTWORTLICHEKIT FÜR DIE DATENVERARBEITUNG</li>
</ol>
<p>Verantwortlich für die Datenverarbeitung ist: Frau Dr. Ruth Nathan</p>
<p>Praxisname: Praxis für Psychoanalyse und Psychotherapie Dr. Ruth Nathan</p>
<p>Adresse: Aachener Str 585, 50226 Frechen</p>
<p>Kontaktdaten:</p>
<ul>
<li>Nr.: 02234 9679030</li>
<li>E-Mail: <a href="mailto:dr.nathan@psychoanalyse-praxis.de">nathan@psychoanalyse-praxis.de</a></li>
</ul>
<p>&nbsp;</p>
<ol start="2">
<li>ZWECK DER DATENVERARBEITUNG</li>
</ol>
<p>Die Datenverarbeitung erfolgt aufgrund gesetzlicher Vorgaben, um den Behandlungsvertrag zwischen Ihnen und Ihrem Arzt (Therapeuten) und die damit verbundenen Pflichten zu erfüllen.</p>
<p>Hierzu verarbeiten wir Ihre personenbezogenen Daten, insbesondere Ihre Gesundheitsdaten. Dazu zählen Anamnesen, Diagnosen, Therapievorschläge und Befunde, die wir oder andere Ärzte erheben. Zu diesen Zwecken können uns auch andere Ärzte oder Psychotherapeuten, bei denen Sie in Behandlung sind, Daten zur Verfügung stellen (z.B. in Arztbriefen).</p>
<p>Die Erhebung von Gesundheitsdaten ist Voraussetzung für Ihre Behandlung. Werden die notwendigen Informationen nicht bereitgestellt, kann eine sorgfältige Behandlung nicht erfolgen.</p>
<p>&nbsp;</p>
<ol start="3">
<li>EMPFÄNGER IHRER DATEN</li>
</ol>
<p>Wir übermitteln Ihre personenbezogenen Daten nur dann an Dritte, wenn dies gesetzlich erlaubt ist oder Sie eingewilligt haben.</p>
<p>Empfänger Ihrer personenbezogenen Daten können vor allem andere Ärzte/ Psychotherapeuten, Kassenärztliche Vereinigungen, Krankenkassen, der Medizinischen Dienst der Krankenversicherung, Ärztekammern und privatärztliche Versicherungsstellen sein.</p>
<p>Die Übermittlung erfolgt überwiegend zum Zwecke der Abrechnung der mit Ihnen erbrachten Leistungen, zur Klärung von medizinischen und sich aus Ihrem Versicherungsverhältnis ergebenden Fragen. Im Einzelfall erfolgt die Übermittlung von Daten an weitere berechtigte Empfänger.</p>
<p>&nbsp;</p>
<ol start="4">
<li>SPEICHERUNG IHRER DATEN</li>
</ol>
<p>Wir bewahren Ihre personenbezogenen Daten nur solange auf, wie dies für die Durchführung der Behandlung erforderlich ist.</p>
<p>Aufgrund rechtlicher Vorgaben sind wir dazu verpflichtet, diese Daten mindestens 10 Jahre nach Abschluss der Behandlung aufzubewahren. Nach anderen Vorschriften können sich längere Aufbewahrungsfristen ergeben, z.B. 30 Jahre bei Röntgenaufzeichnungen laut §28 Abs.3 der Röntgenverordnung.</p>
<p>&nbsp;</p>
<ol start="5">
<li>IHRE RECHTE</li>
</ol>
<p>Sie haben Recht, über die Sie betreffenden Personenbezogenen Daten Auskunft erhalten. Auch können Sie die Berichtigung unrichtiger Daten verlangen.</p>
<p>Darüber hinaus steht Ihnen unter bestimmten Voraussetzungen das Recht auf Löschung von Daten, das Recht auf Einschränkung der Datenverarbeitung sowie das Recht auf Datenübertragbarkeit zu.</p>
<p>Die Verarbeitung Ihrer Daten erfolgt auf Basis gesetzlichen Reglungen. Nur in Ausnahmefällen benötigen wir Ihr Einverständnis. In diesen Fällen haben Sie das Recht, die Einwilligung für zukünftige Verarbeitung zu widerrufen.</p>
<p>Sie haben ferner das Recht, sich bei der zuständigen Aufsichtsbehörde für Datenschutz zu beschweren, wenn Sie der Ansicht sind, dass die Verarbeitung Ihrer personenbezogenen Daten nicht rechtmäßig erfolgt.</p>
<p>Die Anschrift der für uns zuständigen Aufsichtsbehörde lautet:</p>
<p>Landesbeauftragte für Datenschutz und Informationsfreiheit Nordrhein-Westfalen<br />
Kavalleriestr. 2-4<br />
40213 Düsseldorf<br />
Telefon: 0211/38424-0<br />
Fax: 0211/38424-10<br />
E-Mail: <a href="mailto:%20poststelle@ldi.nrw.de">poststelle@ldi.nrw.de</a></p>
<p>&nbsp;</p>
<ol start="6">
<li>RECHTLICHE GRUNDLAGEN</li>
</ol>
<p>Rechtgrundlage für die Verarbeitung Ihrer Daten ist Artikel 9 Absatz 2 lit. h) DSGVO in Verbindung mit § 22 Abs. 1 Nr. 1 lit. b) Bundesdatenschutzgesetz. Sollten Sie Fragen haben, können Sie sich gern an uns wenden.</p>
<p>&nbsp;</p>
<p>&nbsp;</p>
<p>Ihr Praxisteam</p>
<p>Dipl.-Psych. Dr. Ruth Nathan</p>

<p>Patienteninformationen zum Datenschutz Praxis für Psychoanalyse und Psychotherapie Dr. Ruth Nathan Sehr geehrte Patientin, sehr geehrter Patient, der Schutz Ihrer personenbezogenen Daten ist uns wichtig. Nach der EU-Datenschutz-Grundverordnung (DSGVO) sind wir verpflichtet, Sie darüber zu informieren, zu welchem Zweck unsere Praxis Daten erhebt, speichert oder weiterleitet. Der Information können Sie auch entnehmen, welche Rechte Sie &#8230; <a title="Patienteninformationen zum Datenschutz" class="read-more" href="https://www.psychoanalyse-praxis.de/?page_id=295" aria-label="Mehr Informationen über Patienteninformationen zum Datenschutz">Weiterlesen</a></p>
