{"id":301,"date":"2018-05-17T09:58:05","date_gmt":"2018-05-17T08:58:05","guid":{"rendered":"http:\/\/www.psychoanalyse-praxis.de\/?page_id=301"},"modified":"2018-05-17T09:58:05","modified_gmt":"2018-05-17T08:58:05","slug":"einwilligung-zum-e-mail-postaustausch","status":"publish","type":"page","link":"https:\/\/www.psychoanalyse-praxis.de\/?page_id=301","title":{"rendered":"Einwilligung zum E-Mail-Postaustausch"},"content":{"rendered":"<table width=\"631\">\n<tbody>\n<tr>\n<td width=\"631\">Einwilligung zum E-Mail-Postaustausch<\/td>\n<\/tr>\n<\/tbody>\n<\/table>\n<p>&nbsp;<\/p>\n<p>Es besteht die M\u00f6glichkeit, mit der Praxis Informationen und Daten per E-Mail auszutauschen. Die Praxis wird den E-Mail-Verkehr im Wesentlichen f\u00fcr Terminabsprachen nutzen. Sensible pers\u00f6nliche Daten werden nicht per E-Mail versendet.<\/p>\n<p>\u00dcber die prinzipielle Unsicherheit des E-Mailverkehrs wurde ich informiert.<\/p>\n<p>Diese Einwilligung kann ich jederzeit schriftlich zur\u00fccknehmen.<\/p>\n<p>&nbsp;<\/p>\n<p>&nbsp;<\/p>\n<p>Ich w\u00fcnsche dennoch mit der Praxis per E-Mail zu kommunizieren und bitte folgende E-Mail-Anschrift zu nutzen<\/p>\n<p>&nbsp;<\/p>\n<p>&nbsp;<\/p>\n<p>__________________________________________________________<\/p>\n<p>&nbsp;<\/p>\n<p>Hier d\u00fcrfen auch weitergehende Informationen \u00fcbermittelt werden. Bitte nutzen Sie folgende E-Mail-Anschrift<\/p>\n<p>__________________________________________________________<\/p>\n<p>&nbsp;<\/p>\n<p>&nbsp;<\/p>\n<p>&nbsp;<\/p>\n<p>&#8230;&#8230;&#8230;&#8230;&#8230;&#8230;&#8230;&#8230;.. \u00a0\u00a0\u00a0\u00a0\u00a0\u00a0\u00a0\u00a0\u00a0\u00a0\u00a0\u00a0\u00a0\u00a0\u00a0\u00a0\u00a0\u00a0\u00a0\u00a0\u00a0\u00a0\u00a0\u00a0\u00a0\u00a0\u00a0\u00a0\u00a0\u00a0\u00a0\u00a0\u00a0\u00a0\u00a0\u00a0\u00a0\u00a0\u00a0\u00a0\u00a0\u00a0 &#8230;&#8230;&#8230;&#8230;&#8230;&#8230;&#8230;&#8230;&#8230;&#8230;&#8230;&#8230;&#8230;&#8230;&#8230;&#8230;&#8230;&#8230;&#8230;&#8230;&#8230;..<\/p>\n<p>(Ort, Datum)\u00a0\u00a0\u00a0\u00a0\u00a0\u00a0\u00a0\u00a0\u00a0\u00a0\u00a0\u00a0\u00a0\u00a0\u00a0\u00a0\u00a0\u00a0\u00a0\u00a0\u00a0\u00a0\u00a0\u00a0\u00a0\u00a0\u00a0\u00a0\u00a0\u00a0\u00a0\u00a0\u00a0\u00a0\u00a0\u00a0\u00a0\u00a0\u00a0\u00a0\u00a0\u00a0\u00a0\u00a0\u00a0\u00a0\u00a0\u00a0\u00a0\u00a0\u00a0\u00a0\u00a0\u00a0\u00a0\u00a0\u00a0\u00a0\u00a0\u00a0\u00a0\u00a0\u00a0\u00a0\u00a0\u00a0\u00a0\u00a0\u00a0\u00a0\u00a0\u00a0\u00a0\u00a0\u00a0\u00a0\u00a0\u00a0\u00a0\u00a0\u00a0\u00a0\u00a0 (Unterschrift)<\/p>\n","protected":false},"excerpt":{"rendered":"<p>Einwilligung zum E-Mail-Postaustausch &nbsp; Es besteht die M\u00f6glichkeit, mit der Praxis Informationen und Daten per E-Mail auszutauschen. Die Praxis wird den E-Mail-Verkehr im Wesentlichen f\u00fcr Terminabsprachen nutzen. Sensible pers\u00f6nliche Daten werden nicht per E-Mail versendet. \u00dcber die prinzipielle Unsicherheit des E-Mailverkehrs wurde ich informiert. Diese Einwilligung kann ich jederzeit schriftlich zur\u00fccknehmen. &nbsp; &nbsp; Ich w\u00fcnsche &#8230; <a title=\"Einwilligung zum E-Mail-Postaustausch\" class=\"read-more\" href=\"https:\/\/www.psychoanalyse-praxis.de\/?page_id=301\" aria-label=\"Mehr Informationen \u00fcber Einwilligung zum E-Mail-Postaustausch\">Weiterlesen<\/a><\/p>\n","protected":false},"author":4,"featured_media":0,"parent":0,"menu_order":0,"comment_status":"closed","ping_status":"closed","template":"","meta":{"footnotes":""},"class_list":["post-301","page","type-page","status-publish"],"_links":{"self":[{"href":"https:\/\/www.psychoanalyse-praxis.de\/index.php?rest_route=\/wp\/v2\/pages\/301","targetHints":{"allow":["GET"]}}],"collection":[{"href":"https:\/\/www.psychoanalyse-praxis.de\/index.php?rest_route=\/wp\/v2\/pages"}],"about":[{"href":"https:\/\/www.psychoanalyse-praxis.de\/index.php?rest_route=\/wp\/v2\/types\/page"}],"author":[{"embeddable":true,"href":"https:\/\/www.psychoanalyse-praxis.de\/index.php?rest_route=\/wp\/v2\/users\/4"}],"replies":[{"embeddable":true,"href":"https:\/\/www.psychoanalyse-praxis.de\/index.php?rest_route=%2Fwp%2Fv2%2Fcomments&post=301"}],"version-history":[{"count":1,"href":"https:\/\/www.psychoanalyse-praxis.de\/index.php?rest_route=\/wp\/v2\/pages\/301\/revisions"}],"predecessor-version":[{"id":302,"href":"https:\/\/www.psychoanalyse-praxis.de\/index.php?rest_route=\/wp\/v2\/pages\/301\/revisions\/302"}],"wp:attachment":[{"href":"https:\/\/www.psychoanalyse-praxis.de\/index.php?rest_route=%2Fwp%2Fv2%2Fmedia&parent=301"}],"curies":[{"name":"wp","href":"https:\/\/api.w.org\/{rel}","templated":true}]}}

<table width="631">
<tbody>
<tr>
<td width="631">Einwilligung zum E-Mail-Postaustausch</td>
</tr>
</tbody>
</table>
<p>&nbsp;</p>
<p>Es besteht die Möglichkeit, mit der Praxis Informationen und Daten per E-Mail auszutauschen. Die Praxis wird den E-Mail-Verkehr im Wesentlichen für Terminabsprachen nutzen. Sensible persönliche Daten werden nicht per E-Mail versendet.</p>
<p>Über die prinzipielle Unsicherheit des E-Mailverkehrs wurde ich informiert.</p>
<p>Diese Einwilligung kann ich jederzeit schriftlich zurücknehmen.</p>
<p>&nbsp;</p>
<p>&nbsp;</p>
<p>Ich wünsche dennoch mit der Praxis per E-Mail zu kommunizieren und bitte folgende E-Mail-Anschrift zu nutzen</p>
<p>&nbsp;</p>
<p>&nbsp;</p>
<p>__________________________________________________________</p>
<p>&nbsp;</p>
<p>Hier dürfen auch weitergehende Informationen übermittelt werden. Bitte nutzen Sie folgende E-Mail-Anschrift</p>
<p>__________________________________________________________</p>
<p>&nbsp;</p>
<p>&nbsp;</p>
<p>&nbsp;</p>
<p>&#8230;&#8230;&#8230;&#8230;&#8230;&#8230;&#8230;&#8230;..                                            &#8230;&#8230;&#8230;&#8230;&#8230;&#8230;&#8230;&#8230;&#8230;&#8230;&#8230;&#8230;&#8230;&#8230;&#8230;&#8230;&#8230;&#8230;&#8230;&#8230;&#8230;..</p>
<p>(Ort, Datum)                                                                                    (Unterschrift)</p>

<p>Einwilligung zum E-Mail-Postaustausch &nbsp; Es besteht die Möglichkeit, mit der Praxis Informationen und Daten per E-Mail auszutauschen. Die Praxis wird den E-Mail-Verkehr im Wesentlichen für Terminabsprachen nutzen. Sensible persönliche Daten werden nicht per E-Mail versendet. Über die prinzipielle Unsicherheit des E-Mailverkehrs wurde ich informiert. Diese Einwilligung kann ich jederzeit schriftlich zurücknehmen. &nbsp; &nbsp; Ich wünsche &#8230; <a title="Einwilligung zum E-Mail-Postaustausch" class="read-more" href="https://www.psychoanalyse-praxis.de/?page_id=301" aria-label="Mehr Informationen über Einwilligung zum E-Mail-Postaustausch">Weiterlesen</a></p>
